4 (base 6) in base 15?
a33e5d
What is 3266130 (base 7) in base 10?
403095
What is -1a2f5 (base 16) in base 12?
-52099
What is -7366ea (base 15) in base 8?
-24741250
What is 32033414 (base 5) in base 16?
416d0
13783838 (base 9) to base 7
112122110
What is -c0656 (base 13) in base 10?
-343817
-1642045 (base 7) to base 12
-b04ba
What is -10100022 (base 3) in base 15?
-ac8
121221100301 (base 4) to base 12
2302495
Convert 3575162 (base 8) to base 7.
11225601
1868186 (base 12) to base 4
103200303312
What is -242402003 (base 6) in base 2?
-10001100011111110110011
-3500124 (base 8) to base 3
-1210021122101
Convert 425cb8 (base 13) to base 6.
53201110
-565724 (base 11) to base 7
-10440512
What is -8d65 (base 15) in base 7?
-153344
What is 1470606 (base 8) in base 10?
422278
What is 18a22 (base 13) in base 10?
47855
What is -9b36b7 (base 12) in base 14?
-48573d
13b66b (base 13) to base 8
1655706
Convert -110000011011100010101 (base 2) to base 16.
-183715
-20621450 (base 7) to base 2
-110101100000011011000
-dc459c (base 14) to base 4
-130132131132
What is -284450 (base 9) in base 10?
-173871
-31332101 (base 4) to base 8
-157621
1dd99 (base 15) to base 6
2031413
What is -2244231 (base 5) in base 15?
-c046
Convert 5531205 (base 6) to base 7.
2230442
Convert -7766716 (base 8) to base 10.
-2092494
What is 73a43 (base 13) in base 9?
346613
What is -2b5c09 (base 16) in base 9?
-5310853
What is -183ac2 (base 15) in base 4?
-10133111210
Convert 221210210102120 (base 3) to base 15.
130da79
-5c279 (base 15) to base 11
-191035
What is -6377263 (base 8) in base 7?
-20323526
-100011001001000001010 (base 2) to base 3
-2011111120002
16156116 (base 7) to base 2
101111100111100110001
47c79a (base 13) to base 12
6a7231
What is 1000111100100100110 (base 2) in base 3?
112220010201
What is 48a71 (base 16) in base 6?
10213413
-6197a1 (base 11) to base 16
-f2a5c
9a897 (base 12) to base 11
13016a
c5f75 (base 16) to base 7
6615023
-71810 (base 12) to base 5
-14214134
-14611688 (base 9) to base 16
-6ef1e3
What is -4332 (base 8) in base 7?
-6415
What is -98785 (base 10) in base 13?
-35c6b
What is 1a29487 (base 11) in base 2?
1101000011111010100111
What is -220100221110 (base 3) in base 4?
-1311012120
Convert -3bdc57 (base 15) to base 3.
-12102101220001
What is -438512 (base 11) in base 2?
-10101010110000000001
What is b001c (base 13) in base 14?
82708
55b14 (base 13) to base 16
26012
-65a6793 (base 11) to base 7
-200340663
1242150 (base 9) to base 13
1a9412
Convert 4233a8 (base 11) to base 10.
677960
What is 1512321 (base 8) in base 15?
87be3
What is -acb2 (base 15) in base 4?
-20330021
1100011010111011000101 (base 2) to base 8
14327305
What is -712357 (base 12) in base 8?
-6572163
220033223 (base 4) to base 15
33c98
Convert 2311121 (base 6) to base 13.
41a55
-2014142411 (base 5) to base 13
-abb952
-172d56 (base 15) to base 9
-2102140
Convert -403311255 (base 6) to base 13.
-1570109
Convert 2012220221100 (base 3) to base 2.
100011111111101010101
-6ab48 (base 12) to base 6
-3023332
299138 (base 13) to base 9
1823585
-478dbb (base 14) to base 6
-124222505
Convert 348248 (base 12) to base 7.
10112333
-14401142 (base 5) to base 6
-3141413
Convert -14401321 (base 6) to base 8.
-1714521
What is 5214425 (base 6) in base 11?
161771
What is 8044702 (base 10) in base 11?
45a5116
Convert -532074 (base 10) to base 11.
-333834
What is 61083 (base 13) in base 7?
1322220
Convert 213330030 (base 4) to base 7.
1250646
114299b (base 14) to base 12
2909991
-3212000 (base 5) to base 8
-151360
Convert 2021221102222 (base 3) to base 11.
763014
-721187 (base 10) to base 3
-1100122021122
Convert -da2 (base 16) to base 4.
-312202
-42302502 (base 6) to base 13
-344069
What is -11101111000111101100000 (base 2) in base 10?
-7835488
120430 (base 9) to base 16
11b4a
What is -1c1bc6 (base 13) in base 3?
-1100111020121
Convert 5150 (base 14) to base 7.
55530
-2f1c8 (base 16) to base 4
-233013020
-11110100000 (base 3) to base 6
-1514043
Convert -1124c40 (base 13) to base 15.
-6e04cc
What is 211222301121 (base 4) in base 11?
5634968
1db7e (base 16) to base 3
20011222101
-21be93 (base 15) to base 9
-3023183
What is 146006 (base 8) in base 3?
2122122110
What is 19ad02 (base 15) in base 9?
2316872
What is 101200111112 (base 3) in base 14?
56909
1011100010111111 (base 2) to base 4
23202333
What is 4a30a1 (base 12) in base 5?
302123433
What is 13750718 (base 10) in base 6?
1210420422
Convert -31313333031 (base 4) to base 6.
-205542513
What is -1363567 (base 8) in base 9?
-648687
1333512 (base 7) to base 15
374a6
-39011 (base 12) to base 8
-227715
What is -100111001010110010110 (base 2) in base 8?
-4712626
Convert -14325d (base 15) to base 7.
-11160250
11110101100000011001 (base 2) to base 11
627576
-2052153 (base 7) to base 13
-88bba
What is -5a5ab (base 15) in base 2?
-1000110010110100001
Convert -410914 (base 11) to base 12.
-279ab9
What is -232302121 (base 4) in base 6?
-4035121
What is -245601 (base 8) in base 12?
-41141
Convert -5359737 (base 10) to base 6.
-310513333
What is -252689 (base 11) in base 12?
-172948
What is -161b135 (base 12) in base 6?
-240504505
What is 5d4b (base 15) in base 13?
9077
What is 41515755 (base 8) in base 7?
134661235
What is -1122121112 (base 3) in base 14?
-bbd0
Convert -210105203 (base 6) to base 8.
-15725143
6626402 (base 10) to base 2
11001010001110001100010
-246876 (base 12) to base 5
-122422333
What is -5c6444 (base 14) in base 4?
-30011102330
Convert dd4d (base 14) to base 3.
1221112010
-411335 (base 9) to base 12
-b9095
-bb5e (base 15) to base 14
-1066d
-2cc14 (base 14) to base 12
-54a82
2033230113 (base 4) to base 16
8fb17
-1157565 (base 9) to base 7
-5226263
What is -69289 (base 11) in base 12?
-49b70
Convert 11100101111000000 (base 2) to base 7.
1000065
-56603612 (base 7) to base 5
-2230111113
-2255421 (base 6) to base 13
-410aa
What is 1221211011 (base 3) in base 4?
21121222
Convert -1181e (base 15) to base 14.
-164bb
-101000110001001100 (base 2) to base 3
-22111001202
Convert -216546 (base 9) to base 7.
-1046331
Convert -11201413 (base 5) to base 8.
-303611
Convert -1146626 (base 8) to base 6.
-10425142
Convert 20333555 (base 6) to base 7.
4666100
-1101010100101001 (base 2) to base 13
-1bab8
Convert 111535405 (base 6) to base 5.
1011101310
Convert 3b194 (base 13) to base 3.
12121002021
167344 (base 14) to base 15
108801
Convert -44404344 (base 5) to base 8.
-1366003
What is 9a072 (base 12) in base 3?
101100211012
-3211265 (base 8) to base 16
-d12b5
Convert 692309 (base 15) to base 14.
9492a1
3302301320 (base 5) to base 6
411325045
What is -100010000101011111100 (base 2) in base 7?
-12331224
-61c28 (base 15) to base 12
-12b39b
-202220002011 (base 3) to base 12
-179b7a
What is -202450244 (base 6) in base 10?
-3490228
What is -154081 (base 9) in base 4?
-113021323
Convert 10165132 (base 7) to base 4.
3101013133
What is -7616061 (base 9) in base 16?
-3e567b
What is 81abde (base 15) in base 11?
3529712
What is -1286887 (base 9) in base 5?
-140112003
Convert -77765 (base 9) to base 14.
-14b7a
-1b2224c (base 13) to base 2
-100010001110101010010110
13131331110 (base 4) to base 3
10200110111000
4069897 (base 12) to base 2
101110000110011110110011
What is -11442401 (base 5) in base 7?
-633036
6533606 (base 7) to base 3
1111120021122
Convert a382ac (base 16) to base 13.
22b262b
3066637 (base 9) to base 11
a1a101
Convert -1ac751 (base 14) to base 7.
-11062131
What is 14b9a2 (base 15) in base 4?
3310123121
-11b95 (base 12) to base 6
-303505
Convert -423212334 (base 5) to base 15.
-250449
-a202e (base 15) to base 6
-14555112
What is 3171488 (base 9) in base 4?
12133021100
Convert 5b40d (base 15) to base 3.
112210101211
-2985 (base 13) to base 6
-43520
Convert 3a985 (base 16) to base 2.
111010100110000101
-6261551 (base 7) to base 8
-2701552
Convert 12220012121121 (base 3) to base 9.
5805547
What is -4b8cd (base 15) in base 14?
-640a6
What is 11011010010001101011111 (base 2) in base 13?
1635749
Convert 195a88 (base 13) to base 14.
12990d
What is 4d2a44 (base 16) in base 3?
100111221000201
-30243333 (base 6) to base 4
-3102102021
What is 110000011010110011110 (base 2) in base 12?
6461ba
Convert 2759214 (base 10) to base 11.
1615047
-3ae96 (base 15) to base 16
-2e1f4
-7a89b (base 12)